{"id":616,"date":"2024-06-12T00:45:17","date_gmt":"2024-06-12T00:45:17","guid":{"rendered":"https:\/\/mmaconciergerie.live-website.com\/?page_id=616"},"modified":"2024-10-16T23:28:42","modified_gmt":"2024-10-16T21:28:42","slug":"reservation-de-sejour%e2%9c%88%ef%b8%8f%f0%9f%a7%b3","status":"publish","type":"page","link":"https:\/\/mmaconciergerie.fr\/?page_id=616","title":{"rendered":"Demande de r\u00e9servation de s\u00e9jour \u2708\ufe0f\ud83e\uddf3"},"content":{"rendered":"\n<p class=\"has-text-align-center\">Remplissez ce formulaire afin de faire v\u00e9rifier les disponibilit\u00e9s concernant le logement que vous souhaitez et si vous d\u00e9sirez des prestations pour votre arriv\u00e9e.<\/p>\n\n\n<div class=\"wpforms-container wpforms-container-full wpforms-block wpforms-block-664a5181-03cf-4dd9-a4b6-e202db544018 wpforms-render-modern\" id=\"wpforms-2042\"><form id=\"wpforms-form-2042\" class=\"wpforms-validate wpforms-form wpforms-ajax-form\" data-formid=\"2042\" method=\"post\" enctype=\"multipart\/form-data\" action=\"\/index.php?rest_route=%2Fwp%2Fv2%2Fpages%2F616\" data-token=\"db75a5533085725dc04a44dd4908445e\" data-token-time=\"1776377478\"><noscript class=\"wpforms-error-noscript\">Veuillez activer JavaScript dans votre navigateur pour remplir ce formulaire.<\/noscript><div id=\"wpforms-error-noscript\" style=\"display: none;\">Veuillez activer JavaScript dans votre navigateur pour remplir ce formulaire.<\/div><div class=\"wpforms-field-container\">\t\t<div id=\"wpforms-2042-field_3-container\"\n\t\t\tclass=\"wpforms-field wpforms-field-text\"\n\t\t\tdata-field-type=\"text\"\n\t\t\tdata-field-id=\"3\"\n\t\t\t>\n\t\t\t<label class=\"wpforms-field-label\" for=\"wpforms-2042-field_3\" >Nom Logement masque<\/label>\n\t\t\t<input type=\"text\" id=\"wpforms-2042-field_3\" class=\"wpforms-field-medium\" name=\"wpforms[fields][3]\" >\n\t\t<\/div>\n\t\t<div id=\"wpforms-2042-field_1-container\" class=\"wpforms-field wpforms-field-name\" data-field-id=\"1\"><label class=\"wpforms-field-label\" for=\"wpforms-2042-field_1\">Nom et Pr\u00e9nom\ud83d\udc68\ud83d\udc69\ud83c\udffe <span class=\"wpforms-required-label\" aria-hidden=\"true\">*<\/span><\/label><input type=\"text\" id=\"wpforms-2042-field_1\" class=\"wpforms-field-medium wpforms-field-required\" name=\"wpforms[fields][1]\" aria-errormessage=\"wpforms-2042-field_1-error\" required><\/div><div id=\"wpforms-2042-field_2-container\" class=\"wpforms-field wpforms-field-email\" data-field-id=\"2\"><label class=\"wpforms-field-label\" for=\"wpforms-2042-field_2\">Mail\ud83d\udce7 <span class=\"wpforms-required-label\" aria-hidden=\"true\">*<\/span><\/label><input type=\"email\" id=\"wpforms-2042-field_2\" class=\"wpforms-field-medium wpforms-field-required\" name=\"wpforms[fields][2]\" spellcheck=\"false\" aria-errormessage=\"wpforms-2042-field_2-error\" required><\/div><div id=\"wpforms-2042-field_4-container\" class=\"wpforms-field wpforms-field-text\" data-field-id=\"4\"><label class=\"wpforms-field-label\" for=\"wpforms-2042-field_4\">T\u00e9l\u00e9phone\ud83d\udcde<\/label><input type=\"text\" id=\"wpforms-2042-field_4\" class=\"wpforms-field-medium\" name=\"wpforms[fields][4]\" aria-errormessage=\"wpforms-2042-field_4-error\" ><\/div><div id=\"wpforms-2042-field_5-container\" class=\"wpforms-field wpforms-field-text\" data-field-id=\"5\"><label class=\"wpforms-field-label\" for=\"wpforms-2042-field_5\">Logement souhait\u00e9\ud83c\udfe0<\/label><input type=\"text\" id=\"wpforms-2042-field_5\" class=\"wpforms-field-medium\" name=\"wpforms[fields][5]\" aria-errormessage=\"wpforms-2042-field_5-error\" ><\/div><div id=\"wpforms-2042-field_6-container\" class=\"wpforms-field wpforms-field-text\" data-field-id=\"6\"><label class=\"wpforms-field-label\" for=\"wpforms-2042-field_6\">Dates de s\u00e9jour\ud83e\uddf3<\/label><input type=\"text\" id=\"wpforms-2042-field_6\" class=\"wpforms-field-medium\" name=\"wpforms[fields][6]\" aria-errormessage=\"wpforms-2042-field_6-error\" ><\/div><div id=\"wpforms-2042-field_8-container\" class=\"wpforms-field wpforms-field-number-slider\" data-field-id=\"8\"><label class=\"wpforms-field-label\" for=\"wpforms-2042-field_8\">Nombre de personnes\u261d\ufe0f<\/label>\n<input\n\ttype=\"range\"\n\tid=\"wpforms-2042-field_8\" class=\"wpforms-field-medium\" name=\"wpforms[fields][8]\" value=\"0\" aria-errormessage=\"wpforms-2042-field_8-error\"\t\tmin=\"0\"\n\tmax=\"10\"\n\tstep=\"1\">\n\n<div class=\"wpforms-field-number-slider-hint\"\n\tdata-hint=\"Valeur s\u00e9lectionn\u00e9e\u00a0: {value}\">\n\tValeur s\u00e9lectionn\u00e9e\u00a0: <b>0<\/b><\/div>\n<\/div><div id=\"wpforms-2042-field_12-container\" class=\"wpforms-field wpforms-field-checkbox\" data-field-id=\"12\"><fieldset><legend class=\"wpforms-field-label\">Prestation(s) \u00e0 la carte :<\/legend><ul id=\"wpforms-2042-field_12\"><li class=\"choice-1 depth-1\"><input type=\"checkbox\" id=\"wpforms-2042-field_12_1\" name=\"wpforms[fields][12][]\" value=\"\u25aa\ufe0f Navette trajet a\u00e9roport \/ logement\ud83d\ude9550\u20ac (3 personnes maximum)\" aria-errormessage=\"wpforms-2042-field_12_1-error\"  ><label class=\"wpforms-field-label-inline\" for=\"wpforms-2042-field_12_1\">\u25aa\ufe0f Navette trajet a\u00e9roport \/ logement\ud83d\ude9550\u20ac (3 personnes maximum)<\/label><\/li><li class=\"choice-10 depth-1\"><input type=\"checkbox\" id=\"wpforms-2042-field_12_10\" name=\"wpforms[fields][12][]\" value=\"\u25aa\ufe0f Navette trajet logement \/ a\u00e9roport\ud83d\ude9550\u20ac (3 personnes maximum)\" aria-errormessage=\"wpforms-2042-field_12_10-error\"  ><label class=\"wpforms-field-label-inline\" for=\"wpforms-2042-field_12_10\">\u25aa\ufe0f Navette trajet logement \/ a\u00e9roport\ud83d\ude9550\u20ac (3 personnes maximum)<\/label><\/li><li class=\"choice-8 depth-1\"><input type=\"checkbox\" id=\"wpforms-2042-field_12_8\" name=\"wpforms[fields][12][]\" value=\"\u25aa\ufe0f Navette pour arriv\u00e9e et d\u00e9part\ud83d\ude9590\u20ac (3 personnes maximum)\" aria-errormessage=\"wpforms-2042-field_12_8-error\"  ><label class=\"wpforms-field-label-inline\" for=\"wpforms-2042-field_12_8\">\u25aa\ufe0f Navette pour arriv\u00e9e et d\u00e9part\ud83d\ude9590\u20ac (3 personnes maximum)<\/label><\/li><li class=\"choice-11 depth-1\"><input type=\"checkbox\" id=\"wpforms-2042-field_12_11\" name=\"wpforms[fields][12][]\" value=\"\u25aa\ufe0f V\u00e9hicule de location avec ALIZES LOCATIONS\ud83d\ude97(7jours minimum)\" aria-errormessage=\"wpforms-2042-field_12_11-error\"  ><label class=\"wpforms-field-label-inline\" for=\"wpforms-2042-field_12_11\">\u25aa\ufe0f V\u00e9hicule de location avec ALIZES LOCATIONS\ud83d\ude97(7jours minimum)<\/label><\/li><\/ul><\/fieldset><\/div><div id=\"wpforms-2042-field_39-container\" class=\"wpforms-field wpforms-field-number-slider\" data-field-id=\"39\"><label class=\"wpforms-field-label\" for=\"wpforms-2042-field_39\">Lot palmes, masque et tuba\ud83e\udd3f\ud83c\udf0a : 10\u20ac pour le s\u00e9jour<\/label>\n<input\n\ttype=\"range\"\n\tid=\"wpforms-2042-field_39\" class=\"wpforms-field-medium\" name=\"wpforms[fields][39]\" value=\"0\" aria-errormessage=\"wpforms-2042-field_39-error\" aria-describedby=\"wpforms-2042-field_39-description\"\t\tmin=\"0\"\n\tmax=\"7\"\n\tstep=\"1\">\n\n<div class=\"wpforms-field-number-slider-hint\"\n\tdata-hint=\"Valeur s\u00e9lectionn\u00e9e\u00a0: {value}\">\n\tValeur s\u00e9lectionn\u00e9e\u00a0: <b>0<\/b><\/div>\n<div id=\"wpforms-2042-field_39-description\" class=\"wpforms-field-description\">Nombre de lot(s) souhait\u00e9(s)<\/div><\/div><div id=\"wpforms-2042-field_22-container\" class=\"wpforms-field wpforms-field-number-slider\" data-field-id=\"22\"><label class=\"wpforms-field-label\" for=\"wpforms-2042-field_22\">\u25aa\ufe0f Serviette de plage\ud83c\udfd6\ufe0f: 5\u20ac \/ serviette pour le s\u00e9jour<\/label>\n<input\n\ttype=\"range\"\n\tid=\"wpforms-2042-field_22\" class=\"wpforms-field-medium\" name=\"wpforms[fields][22]\" value=\"0\" aria-errormessage=\"wpforms-2042-field_22-error\" aria-describedby=\"wpforms-2042-field_22-description\"\t\tmin=\"0\"\n\tmax=\"10\"\n\tstep=\"1\">\n\n<div class=\"wpforms-field-number-slider-hint\"\n\tdata-hint=\"Valeur s\u00e9lectionn\u00e9e\u00a0: {value}\">\n\tValeur s\u00e9lectionn\u00e9e\u00a0: <b>0<\/b><\/div>\n<div id=\"wpforms-2042-field_22-description\" class=\"wpforms-field-description\">Nombre de serviette souhait\u00e9e(s)<\/div><\/div><div id=\"wpforms-2042-field_35-container\" class=\"wpforms-field wpforms-field-number-slider\" data-field-id=\"35\"><label class=\"wpforms-field-label\" for=\"wpforms-2042-field_35\">\u25aa\ufe0f Chaises de plage\ud83e\ude91\ud83c\udfd6\ufe0f : 5\u20ac \/ chaise pour le s\u00e9jour<\/label>\n<input\n\ttype=\"range\"\n\tid=\"wpforms-2042-field_35\" class=\"wpforms-field-medium\" name=\"wpforms[fields][35]\" value=\"0\" aria-errormessage=\"wpforms-2042-field_35-error\" aria-describedby=\"wpforms-2042-field_35-description\"\t\tmin=\"0\"\n\tmax=\"10\"\n\tstep=\"1\">\n\n<div class=\"wpforms-field-number-slider-hint\"\n\tdata-hint=\"Valeur s\u00e9lectionn\u00e9e\u00a0: {value}\">\n\tValeur s\u00e9lectionn\u00e9e\u00a0: <b>0<\/b><\/div>\n<div id=\"wpforms-2042-field_35-description\" class=\"wpforms-field-description\">Nombre de chaise(s) souhait\u00e9e(s)<\/div><\/div><div id=\"wpforms-2042-field_25-container\" class=\"wpforms-field wpforms-field-checkbox\" data-field-id=\"25\"><fieldset><legend class=\"wpforms-field-label\">\u25aa\ufe0f Lit parapluie\ud83d\udca4\ud83c\udf7c :<\/legend><ul id=\"wpforms-2042-field_25\"><li class=\"choice-1 depth-1\"><input type=\"checkbox\" id=\"wpforms-2042-field_25_1\" name=\"wpforms[fields][25][]\" value=\"1 \u00e0 4 jours (20\u20ac)\" aria-errormessage=\"wpforms-2042-field_25_1-error\"  ><label class=\"wpforms-field-label-inline\" for=\"wpforms-2042-field_25_1\">1 \u00e0 4 jours (20\u20ac)<\/label><\/li><li class=\"choice-2 depth-1\"><input type=\"checkbox\" id=\"wpforms-2042-field_25_2\" name=\"wpforms[fields][25][]\" value=\"1 \u00e0 10 jours (25\u20ac)\" aria-errormessage=\"wpforms-2042-field_25_2-error\"  ><label class=\"wpforms-field-label-inline\" for=\"wpforms-2042-field_25_2\">1 \u00e0 10 jours (25\u20ac)<\/label><\/li><li class=\"choice-3 depth-1\"><input type=\"checkbox\" id=\"wpforms-2042-field_25_3\" name=\"wpforms[fields][25][]\" value=\"1 \u00e0 20 jours (30\u20ac)\" aria-errormessage=\"wpforms-2042-field_25_3-error\"  ><label class=\"wpforms-field-label-inline\" for=\"wpforms-2042-field_25_3\">1 \u00e0 20 jours (30\u20ac)<\/label><\/li><li class=\"choice-4 depth-1\"><input type=\"checkbox\" id=\"wpforms-2042-field_25_4\" name=\"wpforms[fields][25][]\" value=\"1 \u00e0 30 jours (35\u20ac)\" aria-errormessage=\"wpforms-2042-field_25_4-error\"  ><label class=\"wpforms-field-label-inline\" for=\"wpforms-2042-field_25_4\">1 \u00e0 30 jours (35\u20ac)<\/label><\/li><\/ul><\/fieldset><\/div><div id=\"wpforms-2042-field_26-container\" class=\"wpforms-field wpforms-field-checkbox\" data-field-id=\"26\"><fieldset><legend class=\"wpforms-field-label\">\u25aa\ufe0f Chaises B\u00e9b\u00e9\ud83e\ude91\ud83c\udf7c<\/legend><ul id=\"wpforms-2042-field_26\"><li class=\"choice-1 depth-1\"><input type=\"checkbox\" id=\"wpforms-2042-field_26_1\" name=\"wpforms[fields][26][]\" value=\"1 \u00e0 4 jours (15\u20ac)\" aria-errormessage=\"wpforms-2042-field_26_1-error\"  ><label class=\"wpforms-field-label-inline\" for=\"wpforms-2042-field_26_1\">1 \u00e0 4 jours (15\u20ac)<\/label><\/li><li class=\"choice-2 depth-1\"><input type=\"checkbox\" id=\"wpforms-2042-field_26_2\" name=\"wpforms[fields][26][]\" value=\"1 \u00e0 10 jours (20\u20ac)\" aria-errormessage=\"wpforms-2042-field_26_2-error\"  ><label class=\"wpforms-field-label-inline\" for=\"wpforms-2042-field_26_2\">1 \u00e0 10 jours (20\u20ac)<\/label><\/li><li class=\"choice-3 depth-1\"><input type=\"checkbox\" id=\"wpforms-2042-field_26_3\" name=\"wpforms[fields][26][]\" value=\"1 \u00e0 20 jours (25\u20ac)\" aria-errormessage=\"wpforms-2042-field_26_3-error\"  ><label class=\"wpforms-field-label-inline\" for=\"wpforms-2042-field_26_3\">1 \u00e0 20 jours (25\u20ac)<\/label><\/li><li class=\"choice-4 depth-1\"><input type=\"checkbox\" id=\"wpforms-2042-field_26_4\" name=\"wpforms[fields][26][]\" value=\"1 \u00e0 30 jours (30\u20ac)\" aria-errormessage=\"wpforms-2042-field_26_4-error\"  ><label class=\"wpforms-field-label-inline\" for=\"wpforms-2042-field_26_4\">1 \u00e0 30 jours (30\u20ac)<\/label><\/li><\/ul><\/fieldset><\/div><div id=\"wpforms-2042-field_13-container\" class=\"wpforms-field wpforms-field-text\" data-field-id=\"13\"><label class=\"wpforms-field-label\" for=\"wpforms-2042-field_13\">Demande d&#039;information(s) suppl\u00e9mentaire :\u2712\ufe0f<\/label><input type=\"text\" id=\"wpforms-2042-field_13\" class=\"wpforms-field-medium\" name=\"wpforms[fields][13]\" aria-errormessage=\"wpforms-2042-field_13-error\" ><\/div><script>\n\t\t\t\t( function() {\n\t\t\t\t\tconst style = document.createElement( 'style' );\n\t\t\t\t\tstyle.appendChild( document.createTextNode( '#wpforms-2042-field_3-container { position: absolute !important; overflow: hidden !important; display: inline !important; height: 1px !important; width: 1px !important; z-index: -1000 !important; padding: 0 !important; } #wpforms-2042-field_3-container input { visibility: hidden; } #wpforms-conversational-form-page #wpforms-2042-field_3-container label { counter-increment: none; }' ) );\n\t\t\t\t\tdocument.head.appendChild( style );\n\t\t\t\t\tdocument.currentScript?.remove();\n\t\t\t\t} )();\n\t\t\t<\/script><\/div><!-- .wpforms-field-container --><div class=\"wpforms-submit-container\" ><input type=\"hidden\" name=\"wpforms[id]\" value=\"2042\"><input type=\"hidden\" name=\"page_title\" value=\"\"><input type=\"hidden\" name=\"page_url\" value=\"https:\/\/mmaconciergerie.fr\/index.php?rest_route=\/wp\/v2\/pages\/616\"><input type=\"hidden\" name=\"url_referer\" value=\"\"><button type=\"submit\" name=\"wpforms[submit]\" id=\"wpforms-submit-2042\" class=\"wpforms-submit\" data-alt-text=\"Envoi...\" data-submit-text=\"Envoyer\" aria-live=\"assertive\" value=\"wpforms-submit\">Envoyer<\/button><img loading=\"lazy\" decoding=\"async\" src=\"https:\/\/mmaconciergerie.fr\/wp-content\/plugins\/wpforms-lite\/assets\/images\/submit-spin.svg\" class=\"wpforms-submit-spinner\" style=\"display: none;\" width=\"26\" height=\"26\" alt=\"Chargement en cours\"><\/div><\/form><\/div>  <!-- .wpforms-container -->\n\n\n<p class=\"has-text-align-center\">En vous souhaitant par avance un excellent s\u00e9jour en Guadeloupe \u2708\ufe0f\ud83c\udfd6\ufe0f\ud83d\udd76\ufe0f<\/p>\n\n\n\n<p class=\"has-text-align-center\"><strong>M&rsquo;ma Conciergerie<\/strong><\/p>\n","protected":false},"excerpt":{"rendered":"<p>Remplissez ce formulaire afin de faire v\u00e9rifier les disponibilit\u00e9s concernant le logement que vous souhaitez et si vous d\u00e9sirez des prestations pour votre arriv\u00e9e. En vous souhaitant par avance un &hellip; <\/p>\n","protected":false},"author":1,"featured_media":821,"parent":0,"menu_order":0,"comment_status":"closed","ping_status":"closed","template":"","meta":{"_regular_price":[],"currency_symbol":[],"footnotes":""},"class_list":["post-616","page","type-page","status-publish","has-post-thumbnail","hentry"],"post_slider_layout_featured_media_urls":{"thumbnail":["https:\/\/mmaconciergerie.fr\/wp-content\/uploads\/2024\/06\/photo-nos-locations-150x150.jpg",150,150,true],"post_slider_layout_landscape_large":["https:\/\/mmaconciergerie.fr\/wp-content\/uploads\/2024\/06\/photo-nos-locations.jpg",1200,675,false],"post_slider_layout_portrait_large":["https:\/\/mmaconciergerie.fr\/wp-content\/uploads\/2024\/06\/photo-nos-locations.jpg",1200,675,false],"post_slider_layout_square_large":["https:\/\/mmaconciergerie.fr\/wp-content\/uploads\/2024\/06\/photo-nos-locations.jpg",1200,675,false],"post_slider_layout_landscape":["https:\/\/mmaconciergerie.fr\/wp-content\/uploads\/2024\/06\/photo-nos-locations.jpg",600,338,false],"post_slider_layout_portrait":["https:\/\/mmaconciergerie.fr\/wp-content\/uploads\/2024\/06\/photo-nos-locations.jpg",600,338,false],"post_slider_layout_square":["https:\/\/mmaconciergerie.fr\/wp-content\/uploads\/2024\/06\/photo-nos-locations.jpg",600,338,false],"full":["https:\/\/mmaconciergerie.fr\/wp-content\/uploads\/2024\/06\/photo-nos-locations.jpg",1920,1080,false]},"yoast_head":"<!-- This site is optimized with the Yoast SEO plugin v27.2 - https:\/\/yoast.com\/product\/yoast-seo-wordpress\/ -->\n<title>Demande de r\u00e9servation de s\u00e9jour \u2708\ufe0f\ud83e\uddf3 - M&#039;ma Conciergerie<\/title>\n<meta name=\"robots\" content=\"index, follow, max-snippet:-1, max-image-preview:large, max-video-preview:-1\" \/>\n<link rel=\"canonical\" href=\"https:\/\/mmaconciergerie.fr\/?page_id=616\" \/>\n<meta property=\"og:locale\" content=\"fr_FR\" \/>\n<meta property=\"og:type\" content=\"article\" \/>\n<meta property=\"og:title\" content=\"Demande de r\u00e9servation de s\u00e9jour \u2708\ufe0f\ud83e\uddf3 - M&#039;ma Conciergerie\" \/>\n<meta property=\"og:description\" content=\"Remplissez ce formulaire afin de faire v\u00e9rifier les disponibilit\u00e9s concernant le logement que vous souhaitez et si vous d\u00e9sirez des prestations pour votre arriv\u00e9e. En vous souhaitant par avance un &hellip;\" \/>\n<meta property=\"og:url\" content=\"https:\/\/mmaconciergerie.fr\/?page_id=616\" \/>\n<meta property=\"og:site_name\" content=\"M&#039;ma Conciergerie\" \/>\n<meta property=\"article:publisher\" content=\"https:\/\/www.facebook.com\/people\/Mma-Conciergerie\/61561257113603\/\" \/>\n<meta property=\"article:modified_time\" content=\"2024-10-16T21:28:42+00:00\" \/>\n<meta property=\"og:image\" content=\"https:\/\/mmaconciergerie.fr\/wp-content\/uploads\/2024\/06\/photo-nos-locations-1024x576.jpg\" \/>\n\t<meta property=\"og:image:width\" content=\"1024\" \/>\n\t<meta property=\"og:image:height\" content=\"576\" \/>\n\t<meta property=\"og:image:type\" content=\"image\/jpeg\" \/>\n<meta name=\"twitter:card\" content=\"summary_large_image\" \/>\n<script type=\"application\/ld+json\" class=\"yoast-schema-graph\">{\"@context\":\"https:\/\/schema.org\",\"@graph\":[{\"@type\":\"WebPage\",\"@id\":\"https:\/\/mmaconciergerie.fr\/?page_id=616\",\"url\":\"https:\/\/mmaconciergerie.fr\/?page_id=616\",\"name\":\"Demande de r\u00e9servation de s\u00e9jour \u2708\ufe0f\ud83e\uddf3 - M&#039;ma Conciergerie\",\"isPartOf\":{\"@id\":\"https:\/\/mmaconciergerie.fr\/#website\"},\"primaryImageOfPage\":{\"@id\":\"https:\/\/mmaconciergerie.fr\/?page_id=616#primaryimage\"},\"image\":{\"@id\":\"https:\/\/mmaconciergerie.fr\/?page_id=616#primaryimage\"},\"thumbnailUrl\":\"https:\/\/mmaconciergerie.fr\/wp-content\/uploads\/2024\/06\/photo-nos-locations.jpg\",\"datePublished\":\"2024-06-12T00:45:17+00:00\",\"dateModified\":\"2024-10-16T21:28:42+00:00\",\"breadcrumb\":{\"@id\":\"https:\/\/mmaconciergerie.fr\/?page_id=616#breadcrumb\"},\"inLanguage\":\"fr-FR\",\"potentialAction\":[{\"@type\":\"ReadAction\",\"target\":[\"https:\/\/mmaconciergerie.fr\/?page_id=616\"]}]},{\"@type\":\"ImageObject\",\"inLanguage\":\"fr-FR\",\"@id\":\"https:\/\/mmaconciergerie.fr\/?page_id=616#primaryimage\",\"url\":\"https:\/\/mmaconciergerie.fr\/wp-content\/uploads\/2024\/06\/photo-nos-locations.jpg\",\"contentUrl\":\"https:\/\/mmaconciergerie.fr\/wp-content\/uploads\/2024\/06\/photo-nos-locations.jpg\",\"width\":1920,\"height\":1080},{\"@type\":\"BreadcrumbList\",\"@id\":\"https:\/\/mmaconciergerie.fr\/?page_id=616#breadcrumb\",\"itemListElement\":[{\"@type\":\"ListItem\",\"position\":1,\"name\":\"Accueil\",\"item\":\"https:\/\/mmaconciergerie.fr\/\"},{\"@type\":\"ListItem\",\"position\":2,\"name\":\"Demande de r\u00e9servation de s\u00e9jour \u2708\ufe0f\ud83e\uddf3\"}]},{\"@type\":\"WebSite\",\"@id\":\"https:\/\/mmaconciergerie.fr\/#website\",\"url\":\"https:\/\/mmaconciergerie.fr\/\",\"name\":\"M'ma Conciergerie\",\"description\":\"Gestionnaire de locations saisonni\u00e8res en Guadeloupe\",\"publisher\":{\"@id\":\"https:\/\/mmaconciergerie.fr\/#organization\"},\"potentialAction\":[{\"@type\":\"SearchAction\",\"target\":{\"@type\":\"EntryPoint\",\"urlTemplate\":\"https:\/\/mmaconciergerie.fr\/?s={search_term_string}\"},\"query-input\":{\"@type\":\"PropertyValueSpecification\",\"valueRequired\":true,\"valueName\":\"search_term_string\"}}],\"inLanguage\":\"fr-FR\"},{\"@type\":\"Organization\",\"@id\":\"https:\/\/mmaconciergerie.fr\/#organization\",\"name\":\"M'ma Conciergerie\",\"url\":\"https:\/\/mmaconciergerie.fr\/\",\"logo\":{\"@type\":\"ImageObject\",\"inLanguage\":\"fr-FR\",\"@id\":\"https:\/\/mmaconciergerie.fr\/#\/schema\/logo\/image\/\",\"url\":\"https:\/\/mmaconciergerie.fr\/wp-content\/uploads\/2024\/05\/cropped-cropped-Logo-rond-250X250-1.png\",\"contentUrl\":\"https:\/\/mmaconciergerie.fr\/wp-content\/uploads\/2024\/05\/cropped-cropped-Logo-rond-250X250-1.png\",\"width\":206,\"height\":206,\"caption\":\"M'ma Conciergerie\"},\"image\":{\"@id\":\"https:\/\/mmaconciergerie.fr\/#\/schema\/logo\/image\/\"},\"sameAs\":[\"https:\/\/www.facebook.com\/people\/Mma-Conciergerie\/61561257113603\/\",\"https:\/\/www.instagram.com\/emma.conciergerie\/#\"]}]}<\/script>\n<!-- \/ Yoast SEO plugin. -->","yoast_head_json":{"title":"Demande de r\u00e9servation de s\u00e9jour \u2708\ufe0f\ud83e\uddf3 - M&#039;ma Conciergerie","robots":{"index":"index","follow":"follow","max-snippet":"max-snippet:-1","max-image-preview":"max-image-preview:large","max-video-preview":"max-video-preview:-1"},"canonical":"https:\/\/mmaconciergerie.fr\/?page_id=616","og_locale":"fr_FR","og_type":"article","og_title":"Demande de r\u00e9servation de s\u00e9jour \u2708\ufe0f\ud83e\uddf3 - M&#039;ma Conciergerie","og_description":"Remplissez ce formulaire afin de faire v\u00e9rifier les disponibilit\u00e9s concernant le logement que vous souhaitez et si vous d\u00e9sirez des prestations pour votre arriv\u00e9e. En vous souhaitant par avance un &hellip;","og_url":"https:\/\/mmaconciergerie.fr\/?page_id=616","og_site_name":"M&#039;ma Conciergerie","article_publisher":"https:\/\/www.facebook.com\/people\/Mma-Conciergerie\/61561257113603\/","article_modified_time":"2024-10-16T21:28:42+00:00","og_image":[{"width":1024,"height":576,"url":"https:\/\/mmaconciergerie.fr\/wp-content\/uploads\/2024\/06\/photo-nos-locations-1024x576.jpg","type":"image\/jpeg"}],"twitter_card":"summary_large_image","schema":{"@context":"https:\/\/schema.org","@graph":[{"@type":"WebPage","@id":"https:\/\/mmaconciergerie.fr\/?page_id=616","url":"https:\/\/mmaconciergerie.fr\/?page_id=616","name":"Demande de r\u00e9servation de s\u00e9jour \u2708\ufe0f\ud83e\uddf3 - M&#039;ma Conciergerie","isPartOf":{"@id":"https:\/\/mmaconciergerie.fr\/#website"},"primaryImageOfPage":{"@id":"https:\/\/mmaconciergerie.fr\/?page_id=616#primaryimage"},"image":{"@id":"https:\/\/mmaconciergerie.fr\/?page_id=616#primaryimage"},"thumbnailUrl":"https:\/\/mmaconciergerie.fr\/wp-content\/uploads\/2024\/06\/photo-nos-locations.jpg","datePublished":"2024-06-12T00:45:17+00:00","dateModified":"2024-10-16T21:28:42+00:00","breadcrumb":{"@id":"https:\/\/mmaconciergerie.fr\/?page_id=616#breadcrumb"},"inLanguage":"fr-FR","potentialAction":[{"@type":"ReadAction","target":["https:\/\/mmaconciergerie.fr\/?page_id=616"]}]},{"@type":"ImageObject","inLanguage":"fr-FR","@id":"https:\/\/mmaconciergerie.fr\/?page_id=616#primaryimage","url":"https:\/\/mmaconciergerie.fr\/wp-content\/uploads\/2024\/06\/photo-nos-locations.jpg","contentUrl":"https:\/\/mmaconciergerie.fr\/wp-content\/uploads\/2024\/06\/photo-nos-locations.jpg","width":1920,"height":1080},{"@type":"BreadcrumbList","@id":"https:\/\/mmaconciergerie.fr\/?page_id=616#breadcrumb","itemListElement":[{"@type":"ListItem","position":1,"name":"Accueil","item":"https:\/\/mmaconciergerie.fr\/"},{"@type":"ListItem","position":2,"name":"Demande de r\u00e9servation de s\u00e9jour \u2708\ufe0f\ud83e\uddf3"}]},{"@type":"WebSite","@id":"https:\/\/mmaconciergerie.fr\/#website","url":"https:\/\/mmaconciergerie.fr\/","name":"M'ma Conciergerie","description":"Gestionnaire de locations saisonni\u00e8res en Guadeloupe","publisher":{"@id":"https:\/\/mmaconciergerie.fr\/#organization"},"potentialAction":[{"@type":"SearchAction","target":{"@type":"EntryPoint","urlTemplate":"https:\/\/mmaconciergerie.fr\/?s={search_term_string}"},"query-input":{"@type":"PropertyValueSpecification","valueRequired":true,"valueName":"search_term_string"}}],"inLanguage":"fr-FR"},{"@type":"Organization","@id":"https:\/\/mmaconciergerie.fr\/#organization","name":"M'ma Conciergerie","url":"https:\/\/mmaconciergerie.fr\/","logo":{"@type":"ImageObject","inLanguage":"fr-FR","@id":"https:\/\/mmaconciergerie.fr\/#\/schema\/logo\/image\/","url":"https:\/\/mmaconciergerie.fr\/wp-content\/uploads\/2024\/05\/cropped-cropped-Logo-rond-250X250-1.png","contentUrl":"https:\/\/mmaconciergerie.fr\/wp-content\/uploads\/2024\/05\/cropped-cropped-Logo-rond-250X250-1.png","width":206,"height":206,"caption":"M'ma Conciergerie"},"image":{"@id":"https:\/\/mmaconciergerie.fr\/#\/schema\/logo\/image\/"},"sameAs":["https:\/\/www.facebook.com\/people\/Mma-Conciergerie\/61561257113603\/","https:\/\/www.instagram.com\/emma.conciergerie\/#"]}]}},"_links":{"self":[{"href":"https:\/\/mmaconciergerie.fr\/index.php?rest_route=\/wp\/v2\/pages\/616","targetHints":{"allow":["GET"]}}],"collection":[{"href":"https:\/\/mmaconciergerie.fr\/index.php?rest_route=\/wp\/v2\/pages"}],"about":[{"href":"https:\/\/mmaconciergerie.fr\/index.php?rest_route=\/wp\/v2\/types\/page"}],"author":[{"embeddable":true,"href":"https:\/\/mmaconciergerie.fr\/index.php?rest_route=\/wp\/v2\/users\/1"}],"replies":[{"embeddable":true,"href":"https:\/\/mmaconciergerie.fr\/index.php?rest_route=%2Fwp%2Fv2%2Fcomments&post=616"}],"version-history":[{"count":5,"href":"https:\/\/mmaconciergerie.fr\/index.php?rest_route=\/wp\/v2\/pages\/616\/revisions"}],"predecessor-version":[{"id":2133,"href":"https:\/\/mmaconciergerie.fr\/index.php?rest_route=\/wp\/v2\/pages\/616\/revisions\/2133"}],"wp:featuredmedia":[{"embeddable":true,"href":"https:\/\/mmaconciergerie.fr\/index.php?rest_route=\/wp\/v2\/media\/821"}],"wp:attachment":[{"href":"https:\/\/mmaconciergerie.fr\/index.php?rest_route=%2Fwp%2Fv2%2Fmedia&parent=616"}],"curies":[{"name":"wp","href":"https:\/\/api.w.org\/{rel}","templated":true}]}}